83
Calculate the remainder when 6886 is divided by 341.
66
Calculate the remainder when 1948099 is divided by 1338.
1309
Calculate the remainder when 58477490 is divided by 27480.
50
Calculate the remainder when 193010 is divided by 242.
136
What is the remainder when 386352 is divided by 1630?
42
Calculate the remainder when 21105134 is divided by 1906.
1902
What is the remainder when 2891185 is divided by 111199?
11
Calculate the remainder when 2861471 is divided by 2431.
184
What is the remainder when 91970 is divided by 1641?
74
Calculate the remainder when 130013 is divided by 31399.
4417
What is the remainder when 213135 is divided by 6499?
5167
What is the remainder when 270729 is divided by 2770?
2039
What is the remainder when 2016967 is divided by 126?
85
Calculate the remainder when 119760 is divided by 402.
366
What is the remainder when 3966920 is divided by 13?
9
Calculate the remainder when 31605607 is divided by 5267597.
25
Calculate the remainder when 338692 is divided by 1992.
52
Calculate the remainder when 628378 is divided by 129.
19
What is the remainder when 44367 is divided by 113?
71
What is the remainder when 117719844 is divided by 93?
72
Calculate the remainder when 59212 is divided by 14301.
2008
Calculate the remainder when 2713961 is divided by 2067.
2057
Calculate the remainder when 388654 is divided by 13383.
547
What is the remainder when 846285 is divided by 14?
13
What is the remainder when 737884 is divided by 6895?
119
What is the remainder when 5175321 is divided by 84?
81
What is the remainder when 29245902 is divided by 92258?
116
What is the remainder when 2559183 is divided by 210?
123
What is the remainder when 273827 is divided by 193?
153
What is the remainder when 1935172 is divided by 3941?
141
What is the remainder when 36525 is divided by 138?
93
What is the remainder when 5851 is divided by 5272?
579
What is the remainder when 34667902 is divided by 16?
14
What is the remainder when 267523 is divided by 11143?
91
What is the remainder when 215566697 is divided by 102?
101
What is the remainder when 2172866 is divided by 241414?
140
What is the remainder when 231710 is divided by 2207?
2182
What is the remainder when 6062534 is divided by 13?
10
Calculate the remainder when 16338 is divided by 130.
88
Calculate the remainder when 19390888 is divided by 6463618.
34
Calculate the remainder when 34605 is divided by 1049.
1037
What is the remainder when 84042949 is divided by 1749?
1
What is the remainder when 88987 is divided by 22197?
199
Calculate the remainder when 372687 is divided by 270.
87
What is the remainder when 57437348 is divided by 4004?
3972
Calculate the remainder when 145652 is divided by 48543.
23
What is the remainder when 46287008 is divided by 770?
768
What is the remainder when 6005352 is divided by 81?
12
Calculate the remainder when 267279274 is divided by 3.
1
Calculate the remainder when 1384943 is divided by 1072.
991
What is the remainder when 149122720 is divided by 3999?
10
Calculate the remainder when 104364 is divided by 355.
349
What is the remainder when 31399 is divided by 9159?
3922
What is the remainder when 842853 is divided by 1245?
1233
Calculate the remainder when 142259 is divided by 47369.
152
What is the remainder when 18244 is divided by 5069?
3037
Calculate the remainder when 764478 is divided by 4811.
4340
Calculate the remainder when 2760275 is divided by 344.
19
What is the remainder when 17218866 is divided by 6205?
6196
What is the remainder when 4414079 is divided by 2432?
2431
What is the remainder when 7120544 is divided by 1239?
11
What is the remainder when 11185389 is divided by 11185307?
82
What is the remainder when 133890 is divided by 366?
300
What is the remainder when 111512 is divided by 28?
16
What is the remainder when 69973113 is divided by 823?
7
What is the remainder when 5181815 is divided by 1295438?
63
What is the remainder when 4186781 is divided by 26?
1
Calculate the remainder when 2991567 is divided by 581.
579
What is the remainder when 21654 is divided by 6204?
3042
Calculate the remainder when 992170 is divided by 240.
10
What is the remainder when 1237558 is divided by 582?
226
What is the remainder when 2335362 is divided by 5752?
50
What is the remainder when 18309240 is divided by 10060?
40
Calculate the remainder when 3463207 is divided by 74.
7
Calculate the remainder when 5226003 is divided by 2862.
2853
What is the remainder when 170246 is divided by 6296?
254
Calculate the remainder when 4269036 is divided by 216.
12
Calculate the remainder when 1718549 is divided by 232.
125
What is the remainder when 1241522 is divided by 620752?
18
Calculate the remainder when 32403988 is divided by 140277.
1
What is the remainder when 360398399 is divided by 1111?
1109
Calculate the remainder when 4074605 is divided by 63660.
365
Calculate the remainder when 1677549 is divided by 41.
34
Calculate the remainder when 14089484 is divided by 404.
388
What is the remainder when 66031 is divided by 6674?
5965
What is the remainder when 75987 is divided by 3451?
65
What is the remainder when 77817 is divided by 4195?
2307
What is the remainder when 65584756 is divided by 6?
4
What is the remainder when 75917 is divided by 4256?
3565
Calculate the remainder when 846627 is divided by 168566.
3797
What is the remainder when 90975227 is divided by 70?
7
What is the remainder when 6724364 is divided by 3361755?
854
Calculate the remainder when 44641 is divided by 1616.
1009
What is the remainder when 20255 is divided by 9617?
1021
What is the remainder when 125491 is divided by 1110?
61
What is the remainder when 2183254 is divided by 173?
167
Calculate the remainder when 4894007 is divided by 153.
149
What is the remainder when 3742396 is divided by 69301?
142
What is the remainder when 7180158 is divided by 7180134?
24
What is the remainder when 101921490 is divided by 34?
30
What is the remainder when 317268 is divided by 114?
6
Calculate the remainder when 1604716 is divided by 5899.
188
What is the remainder when 32884 is divided by 10703?
775
What is the remainder when 14308113 is divided by 564?
561
What is the remainder when 517916 is divided by 7958?
646
What is the remainder when 13057363 is divided by 91?
46
Calculate the remainder when 337860 is divided by 37506.
306
Calculate the remainder when 12018 is divided by 11827.
191
What is the remainder when 31097077 is divided by 238?
235
What is the remainder when 60946 is divided by 474?
274
Calculate the remainder when 323085 is divided by 323032.
53
Calculate the remainder when 245349 is divided by 81772.
33
What is the remainder when 958288 is divided by 4?
0
What is the remainder when 502160 is divided by 17304?
344
What is the remainder when 94589 is divided by 13563?
13211
What is the remainder when 1323133 is divided by 440993?
154
Calculate the remainder when 20251871 is divided by 499.
455
What is the remainder when 3694489 is divided by 397?
7
Calculate the remainder when 814736 is divided by 1207.
11
Calculate the remainder when 14085546 is divided by 284.
282
Calculate the remainder when 9406235 is divided by 4703081.
73
What is the remainder when 312692 is divided by 4961?
149
What is the remainder when 699896 is divided by 349886?
124
What is the remainder when 756387 is divided by 36?
27
Calculate the remainder when 398867 is divided by 49796.
499
Calculate the remainder when 1153498 is divided by 150.
148
Calculate the remainder when 45294802 is divided by 22647392.
18
Calculate the remainder when 1525007 is divided by 16.
15
What is the remainder when 39430 is divided by 18440?
2550
What is the remainder when 790523 is divided by 128?
123
What is the remainder when 984847459 is divided by 20?
19
Calculate the remainder when 512910599 is divided by 137.
135
What is the remainder when 3419821 is divided by 165?
31
Calculate the remainder when 473104 is divided by 8598.
214
Calculate the remainder when 134784 is divided by 26943.
69
Calculate the remainder when 35246638 is divided by 2288.
2286
Calculate the remainder when 1075261 is divided by 5485.
201
Calculate the remainder when 276149 is divided by 575.
149
Calculate the remainder when 51255392 is divid